+ 974. What is the remainder when i(8) is divided by 43?
27
Suppose -5*q + 468 = 188. Suppose -q = -3*r - 32. What is the remainder when r is divided by 3?
2
What is the remainder when 279 is divided by (-72)/(-4) + 114 + 99?
48
Suppose 0 = -3*s - 5*c + 797, -24*s + 21*s = -5*c - 727. What is the remainder when 2014 is divided by s?
236
Suppose 4*k - 218 = -66. Suppose 5*o = -f + 25, -o - k = -4*o + 4*f. What is the remainder when 196 is divided by o?
4
Let d(l) = -12*l + 303. Calculate the remainder when 1904 is divided by d(24).
14
Calculate the remainder when 566 is divided by (-276)/(-7) - (-220)/(-154).
34
Let f be (-3)/(24664/(-3520) - -7). Suppose -23*d = -45*d + f. Calculate the remainder when 32 is divided by d.
12
Suppose -846 = -27*m + 24*m. Suppose 37*r - 31*r - m = 0. Calculate the remainder when r is divided by 16.
15
Suppose 1489*v = 1482*v + 28. What is the remainder when 219 is divided by v?
3
Let r(x) = -2*x + 4. Let t be r(0). Let h be ((-160)/(-15))/4*75/t. Calculate the remainder when 93 is divided by -2*(-5)/(h/235).
46
Suppose 5*r + 5*l + 20 = 0, 8 = -5*r - 0*r - l. Suppose 11*d - 108 = -14*d + 7*d. Calculate the remainder when -6*1*2*r is divided by d.
0
Let c be ((1582/4)/(-7))/(3/6). Let v = -21 + c. Let m = 159 + v. Calculate the remainder when m is divided by 9.
7
Let z(o) = -108*o - 744. What is the remainder when z(-9) is divided by 218?
10
Let k(c) = 3*c**2 - 9*c - 7. Suppose -3*v - v + 20 = 0. Let a be k(v). Let r = 16 + a. What is the remainder when 116 is divided by r?
38
Let s = 79 - 245. Let z = s + 347. What is the remainder when z is divided by 46?
43
Suppose -3*y - 4*u = 90, -3*u = 4*y - u + 120. Let i = 37 + y. Calculate the remainder when ((-243)/(-36))/(3/8) is divided by i.
4
Suppose 3*b - 4*b + 47 = 0. Let y = b - 27. What is the remainder when (2/35)/1 - (-306372)/1540 is divided by y?
19
Suppose 0 = -50*i + 8020 - 2670. Calculate the remainder when 350 is divided by i.
29
Let n(o) = o**3 + o**2 - o. Let l(q) = -7*q**3 - 8*q**2 + 5*q + 32. Let k(s) = -l(s) - 6*n(s). Calculate the remainder when k(5) is divided by 25.
23
Let q be (90/25 - 4)/(3/(-195)). Suppose 0 = 2*d + q - 46. What is the remainder when 38 is divided by d?
8
Let r(f) = 7*f + 41. Let p be r(-8). Calculate the remainder when 43 is divided by (-18)/p*300/24.
13
Let i(b) = -b**3 - b + 2. Let t(l) = 7*l**3 - 21*l**2 + 69*l - 16. Let v(h) = 6*i(h) + t(h). Calculate the remainder when v(18) is divided by 16.
14
What is the remainder when 30 is divided by 7/84*188 + 4/12?
14
Calculate the remainder when 6623 is divided by (-32660)/(-690) - 2*(-2)/6.
47
Let g(d) = -d**2 - 114*d - 1702. Suppose -2*r + 6 + 2 = 0. What is the remainder when g(-18) is divided by r?
2
Let i(d) = -29*d + 430. What is the remainder when 129 is divided by i(14)?
9
Let t = 10 - -19. Calculate the remainder when t is divided by 74/26 - 104/(-676).
2
Let n(h) = -h**2 - 22*h + 135. Let q(s) = -3*s**2 - 43*s + 273. Let b(g) = 5*n(g) - 2*q(g). Calculate the remainder when (2/(-2))/((-1)/1) is divided by b(8).
0
Suppose 0 = 73*f - 1061 + 404. What is the remainder when 33 is divided by f?
6
Suppose 2*d - 3*o - 876 = 0, -o - 428 = -d + 3*o. What is the remainder when d is divided by 56?
52
Calculate the remainder when 768 is divided by (25/(-10))/((-20)/(-16)) - 13*-1.
9
Suppose -g - 3*t = -17346, -5*g + 464*t + 86604 = 461*t. Calculate the remainder when g is divided by 114.
111
Let j = 22103 + -21828. Calculate the remainder when 567 is divided by j.
17
Let h(x) be the first derivative of -x**2/2 + 8*x - 5. Let c be h(4). Let i(s) = 3*s**3 - 5*s**2 - 7*s + 13. Calculate the remainder when i(c) is divided by 10.
7
Suppose 0 = -c - c - 3*g - 27, 5*g - 5 = 5*c. Let q be (-8)/(-10)*(-35)/14. Calculate the remainder when 36 is divided by (-81)/c - (-1)/q.
10
Let v = -398 + 402. Suppose 3*d = -4*n + 212, -n = -d - v*n + 64. Calculate the remainder when d is divided by 12.
4
What is the remainder when 1744 is divided by 38540/376 - 1/(-2)?
96
Suppose -2*p - 8*x + 3*x + 175 = 0, 2*p = -3*x + 177. Calculate the remainder when 1372 is divided by p.
22
Let v(t) = 2*t**2 - 40*t + 626. What is the remainder when 1303 is divided by v(11)?
19
Suppose 0*q - 5*d - 35 = -5*q, 2*d - 6 = -3*q. Let v be 8/10*q*(-15)/(-3). Suppose -391 + v = -15*t. Calculate the remainder when 47 is divided by t.
22
Let q = -194 - -271. Calculate the remainder when q is divided by (3/(-6))/((441/(-672))/21).
13
Let p = -222 - -282. Suppose 0 = 5*r - 15 - p. What is the remainder when r is divided by 1?
0
Suppose 36*s + 368 = 13*s. Let h(r) = -r**2 - 28*r - 73. What is the remainder when h(s) is divided by 31?
26
Let z = -7446 + 8147. What is the remainder when z is divided by 6?
5
Let m be -3 + 245 + (1 - -1). Let f = m + -229. Calculate the remainder when 29 is divided by f.
14
Suppose -2103 = -26*c - 1531. What is the remainder when 105 is divided by c?
17
Let k = 1405 + -835. Calculate the remainder when k is divided by 283.
4
Suppose -17*o + 20*o = 534. Calculate the remainder when o is divided by (240/20)/(2/5).
28
Let p(k) = -4*k - 4. Let u = -15 - -17. Suppose -u*b + 496 = 2*b. Calculate the remainder when b is divided by p(-9).
28
Let q(l) = l**3 - 23*l**2 - 35*l - 271. What is the remainder when q(25) is divided by (39/6)/(3/12)?
0
Let u(s) = -4*s**3 - s**2 - s - 1. Let m be u(-1). Suppose m*v - 7 = 2. Suppose w - 7 = v. What is the remainder when w is divided by 8?
2
Suppose -4*j + 3*j = -1. Let p = 3 - j. What is the remainder when ((-18)/(-27))/((-29)/120 + (-9)/(-24)) is divided by p?
1
Suppose -11*l = -3*l. Suppose l = 4*q - 299 - 389. What is the remainder when q is divided by 29?
27
Suppose 44*b + 42*b - 4128 = 0. Let g = 14 + 12. Suppose 30*k - g*k = b. Calculate the remainder when 81 is divided by k.
9
Suppose -l - 2*o = l - 12, 3*l - 6 = 3*o. Suppose -5*j + 5*f - l*f = -123, 2*j - f - 48 = 0. What is the remainder when j is divided by (14/4)/(27/108)?
11
Let f(d) = 230*d - 3313. Calculate the remainder when 558 is divided by f(15).
10
Let g = -274 + 510. Let t = g + -204. Calculate the remainder when 71 is divided by t.
7
Let g(q) = -37*q - 120. Let j be -41 + (2 - 2) + -2. Let r = 54 + j. Calculate the remainder when g(-5) is divided by r.
10
Suppose 12*z = -1656 + 2688. What is the remainder when z is divided by 19?
10
Let t(j) = 2*j**2 - 46*j + 5. Let h be t(23). Suppose 3*m + h*u = 88, 5*u = 4*u + 2. What is the remainder when 231 is divided by m?
23
Let y = -212 + 725. Let v = -351 + y. Calculate the remainder when v is divided by 17.
9
Let l = -127 - -125. Let d = 181 + l. What is the remainder when d is divided by 13?
10
Suppose -4*o - 160 = -168. Suppose 240 = 2*f + r, 476 = 2*f + o*f + 4*r. Calculate the remainder when f is divided by 43.
35
Suppose 3*p + z = p + 276, 0 = -2*p - 2*z + 282. What is the remainder when 4589 is divided by p?
134
Let x(t) = -t**3 + t**2 + 19*t - 2. Let m be x(-4). What is the remainder when 166 is divided by (0 + -1 + m)*24?
22
Suppose -5*a + 5*p - 77 = 328, 4*p = -16. Suppose -131 = 236*j - 235*j. Let q = a - j. Calculate the remainder when q is divided by 12.
10
Let q(s) = -s**3 + 8*s**2 - 6*s - 1. Let i = -118 + 125. Let y be q(i). Suppose y*g - 9*g = -o + 20, -9 = 3*g. What is the remainder when 18 is divided by o?
7
Let l(c) = -45*c - 1. Suppose 3*p + 49 - 79 = 5*k, 6 = 2*k. Calculate the remainder when l(-3) is divided by p.
14
Let o(v) = v + 7. Let c be o(9). Suppose -2*f + c = m, -2*m + f + 25 = 3*m. Suppose m*l = -0*l + 138. Calculate the remainder when l is divided by 4.
3
Let v = 8010 - 7589. What is the remainder when v is divided by 406?
15
Let a(m) = 111*m - 3826. Calculate the remainder when a(35) is divided by 54.
5
Let o = 1777 + -1714. Calculate the remainder when 182 is divided by o.
56
Let n(a) = -263*a**2 - 5*a + 9. Let c(b) = -134*b**2 - 2*b + 4. Let k(s) = -13*c(s) + 6*n(s). Calculate the remainder when k(1) is divided by 15.
12
Suppose -97*h + 3*h + 6580 = 0. Calculate the remainder when 418 is divided by h.
68
Let i(s) = 104*s**2 + 1. Let a = -180 - -157. Let d = a - -35. What is the remainder when i(-1) is divided by d?
9
Let v be 0*(-2)/(-6) + 4/1. Let x = 38 - v. What is the remainder when 94 is divided by x?
26
Let t(j)